mon factor of 7 and 131509.
7
What is the greatest common factor of 16390 and 30?
10
What is the greatest common divisor of 15947 and 3293?
37
Calculate the highest common divisor of 765354 and 398.
398
What is the highest common divisor of 266 and 39444?
38
Calculate the highest common factor of 1389 and 4701765.
1389
Calculate the highest common divisor of 5 and 208450.
5
Calculate the greatest common factor of 1747992 and 2.
2
Calculate the highest common factor of 16121 and 392.
49
Calculate the highest common factor of 2612 and 64.
4
What is the highest common divisor of 1604330 and 3198?
1066
What is the highest common divisor of 810 and 10470?
30
Calculate the highest common factor of 1775 and 57794.
71
What is the greatest common factor of 312 and 25701?
39
Calculate the highest common divisor of 2241 and 783.
27
Calculate the greatest common factor of 571 and 144463.
571
Calculate the greatest common factor of 99 and 34683.
33
What is the highest common factor of 332 and 446042?
166
What is the highest common divisor of 615027 and 84?
21
What is the greatest common divisor of 492 and 59901?
123
Calculate the greatest common divisor of 700124 and 914.
914
Calculate the greatest common factor of 28356 and 9588.
204
What is the greatest common divisor of 497 and 136249?
71
What is the greatest common divisor of 890 and 87665?
445
What is the greatest common divisor of 12832 and 107067?
401
What is the greatest common divisor of 231 and 9849?
21
Calculate the highest common divisor of 160 and 2086880.
160
What is the greatest common factor of 62880 and 11040?
480
What is the greatest common divisor of 1085 and 7245?
35
What is the highest common divisor of 208794 and 391?
391
What is the greatest common factor of 8256 and 13029?
129
What is the greatest common factor of 15336 and 2376?
216
Calculate the highest common divisor of 906180 and 198.
66
Calculate the greatest common factor of 660 and 20020.
220
What is the greatest common divisor of 63096 and 132?
132
Calculate the greatest common divisor of 11 and 9251.
11
Calculate the highest common factor of 854831 and 2455.
491
Calculate the greatest common divisor of 35456 and 400.
16
Calculate the greatest common divisor of 204337 and 7.
7
What is the greatest common divisor of 884 and 544?
68
What is the highest common divisor of 8770 and 393773?
877
Calculate the highest common factor of 3621 and 765.
51
What is the greatest common factor of 1070 and 1889192?
214
What is the highest common divisor of 1612 and 139066?
62
Calculate the greatest common divisor of 20878 and 7436.
286
Calculate the greatest common divisor of 60 and 791172.
12
Calculate the greatest common divisor of 115 and 335363.
23
What is the highest common factor of 3729 and 240690?
339
Calculate the greatest common divisor of 245 and 521605.
245
What is the highest common divisor of 42 and 1806?
42
What is the greatest common divisor of 128 and 698368?
128
What is the greatest common factor of 18178 and 32?
2
Calculate the greatest common divisor of 15691 and 4199.
221
What is the greatest common factor of 537259 and 3901?
83
What is the greatest common divisor of 339 and 369?
3
Calculate the greatest common divisor of 42372 and 610542.
1926
Calculate the highest common factor of 611 and 4849.
13
What is the greatest common divisor of 66 and 27159?
33
Calculate the highest common divisor of 271542 and 334.
334
Calculate the highest common divisor of 344 and 11309.
43
What is the greatest common divisor of 283 and 2151649?
283
Calculate the greatest common divisor of 336 and 30408.
168
Calculate the greatest common factor of 90214 and 2193.
43
What is the greatest common factor of 14 and 267134?
14
Calculate the highest common factor of 4565 and 75185.
55
What is the highest common divisor of 41418 and 16146?
702
Calculate the highest common factor of 73 and 283897.
73
What is the highest common divisor of 259420 and 14?
14
What is the highest common factor of 63 and 30735?
9
Calculate the highest common divisor of 3503 and 4859.
113
What is the highest common divisor of 832728 and 1404?
156
What is the highest common factor of 424460 and 570?
190
What is the greatest common factor of 30611 and 21?
7
Calculate the highest common divisor of 136831 and 586.
293
What is the greatest common factor of 297 and 1599939?
297
What is the greatest common factor of 300 and 14775?
75
What is the greatest common divisor of 111656 and 51?
17
Calculate the highest common factor of 14 and 3532571.
7
Calculate the greatest common factor of 1889 and 1.
1
Calculate the greatest common divisor of 76747 and 22.
11
Calculate the highest common factor of 18 and 1055034.
18
Calculate the highest common factor of 210 and 431928.
42
Calculate the greatest common factor of 542 and 86178.
542
What is the highest common divisor of 285266 and 38?
38
What is the highest common factor of 247962 and 39?
39
What is the greatest common factor of 338 and 749008?
338
What is the greatest common divisor of 18 and 49806?
18
What is the greatest common divisor of 2322460 and 636?
212
What is the greatest common divisor of 38612 and 7448?
196
Calculate the highest common divisor of 168 and 6128.
8
What is the greatest common factor of 61039 and 31?
31
What is the greatest common divisor of 25912 and 31679?
79
Calculate the greatest common factor of 28 and 34324.
4
What is the greatest common factor of 2076 and 2249?
173
What is the highest common divisor of 1292 and 27812?
68
Calculate the greatest common divisor of 2678 and 379864.
206
What is the greatest common factor of 68 and 5746?
34
Calculate the highest common factor of 432 and 581607.
27
Calculate the highest common factor of 8 and 91768.
8
Calculate the greatest common divisor of 14280 and 7616.
952
Calculate the highest common factor of 3 and 1305147.
3
Calculate the greatest common divisor of 1330 and 475.
95
What is the highest common divisor of 3920 and 21020?
20
What is the greatest common factor of 249 and 19090?
83
Calculate the highest common divisor of 1272 and 7440.
24
What is the highest common divisor of 81 and 86?
1
Calculate the highest common divisor of 78 and 76980.
6
Calculate the greatest common factor of 8988 and 4431.
21
What is the greatest common divisor of 103978 and 490?
98
Calculate the greatest common divisor of 13880 and 2429.
347
Calculate the highest common divisor of 232 and 6844.
116
What is the highest common divisor of 264 and 5819?
11
Calculate the highest common factor of 45 and 10525.
5
Calculate the highest common divisor of 56 and 383012.
28
Calculate the highest common factor of 2159 and 2176.
17
What is the highest common factor of 5072 and 336?
16
Calculate the highest common factor of 64 and 9970112.
64
What is the highest common factor of 228232 and 188?
188
What is the greatest common factor of 388575 and 3575?
275
What is the greatest common divisor of 73623 and 9867?
759
Calculate the greatest common divisor of 5967 and 112047.
663
What is the highest common divisor of 722050 and 154?
14
Calculate the greatest common divisor of 128 and 1517184.
128
What is the highest common divisor of 1341969 and 3?
3
Calculate the greatest common divisor of 2919 and 378.
21
Calculate the highest common factor of 45 and 324585.
45
What is the highest common factor of 1115006 and 790?
158
What is the greatest common divisor of 115 and 149375?
5
What is the highest common divisor of 88 and 195844?
44
What is the greatest common factor of 24 and 2690364?
12
Calculate the greatest common factor of 168 and 29421.
21
Calculate the highest common factor of 5494 and 45962.
134
Calculate the greatest common divisor of 24 and 355884.
12
What is the greatest common divisor of 111264 and 24928?
608
Calculate the greatest common factor of 209236 and 10982.
578
Calculate the greatest common divisor of 43524 and 260.
52
Calculate the highest common factor of 56 and 209048.
56
What is the highest common divisor of 8797 and 147697?
463
Calculate the highest common divisor of 234 and 105066.
234
Calculate the highest common divisor of 4276 and 4.
4
What is the greatest common divisor of 89 and 3279383?
89
What is the highest common factor of 8220 and 4247?
137
What is the greatest c